 17*q - 64. Calculate j(n).
6
Let g(c) = 9*c**2 - 2*c + 39. Let p(r) = -14*r**2 + 3*r - 39. Let k(q) = -3*g(q) - 2*p(q). What is k(6)?
-3
Let q(l) = -5*l + 6. Suppose 2*r + 4*u = 18, 2*r + 0*r - u - 3 = 0. Let t(b) = -7*b + 8. Let d(s) = r*q(s) - 2*t(s). Let f = 11 + -7. What is d(f)?
-2
Let p(c) be the third derivative of -c**4/6 + c**3/2 + 5*c**2. Let a be -13 + (-18)/((-252)/238). What is p(a)?
-13
Let m(z) = -3*z - 11. Let h(t) = 30. Let s(n) = 11. Let j(g) = 4*h(g) - 11*s(g). Let d(k) = 4*j(k) - m(k). Give d(-4).
-5
Let m(f) = f**3 + 8*f**2 + 8*f + 2. Let t(r) = -18 + 2*r + 14 - 24 - 10. Let q be t(-17). Let l = q - -65. Give m(l).
-5
Let s be (-8)/(-28) + 5/(140/(-344)). Let w be (2/s)/(-1) + 126/(-108). Let b(l) = 7*l - 4. Let y(p) = -8*p + 5. Let z(g) = 5*b(g) + 4*y(g). Give z(w).
-3
Let b(x) = -3*x. Let i be b(-1). Let f(j) = -15 - 13 + 33 - 9 - 3*j. Let t(u) = -2*u - 2. Let m(z) = -f(z) + 2*t(z). Determine m(i).
-3
Let o = 24 - 24. Suppose -20 + o = 5*y, -5*w + 5*y = 0. Let b(p) = -p**3 - 2*p**2 + 3*p - 4. Calculate b(w).
16
Let n(u) = -5*u**2 + 89*u - 135. Let j(x) = -51. Let t(s) = -3*j(s) + n(s). Give t(18).
0
Let a(w) = 1 - 118839*w**3 - 2 + 118821*w**3. Suppose 0 = -4*g - g. Suppose 2*n + 1 + 1 = g. Determine a(n).
17
Suppose 147*c - 747 = 263*c - 199*c. Let w(x) = -x. Let k(z) = -2*z - 1. Let l(f) = -6*k(f) + 13*w(f). Calculate l(c).
-3
Let f(w) be the second derivative of -w**4/12 + 8*w**3/3 - 16*w**2 + 8942*w. What is f(10)?
28
Let z(f) = -6*f + 1034 - f - f**2 - 1041. Determine z(-1).
-1
Let g(p) = -11*p**2 - 71*p + 90*p - 23 - p**3 - p**2 - 6*p**2. What is g(-19)?
-23
Let s = -272 + 279. Let x(d) = -4*d - 7*d + 15*d - s. What is x(3)?
5
Let y(v) be the third derivative of 0 + 0*v - 192*v**2 + 1/120*v**6 + 1/6*v**4 + 1/12*v**5 + v**3. Let l be (-1)/1 - (0 - -3). Determine y(l).
6
Suppose 44 = 3*w + 5*h, 723*w + 98 = 728*w - 4*h. Let c(o) = -4*o + 21. What is c(w)?
-51
Let x(y) = 11*y + 16. Let c be x(-2). Let j be (-104)/(-28) + -2 + c/(-21). Let w(z) = -59 + 3*z**2 + 4*z + 65 - 4*z**j. What is w(5)?
1
Let l(v) = 39*v - 817. Let p be (4578/1090)/(1/5). Give l(p).
2
Let h(q) = -2*q**2 + 4*q + 379 + 2*q + q + 3*q**2 - 371. Calculate h(-6).
2
Let y(x) = -4*x + 34539*x**2 + 2 - 2 - 34543*x**2. Give y(-2).
-8
Let k(z) = z**2 - 7*z + 16. Let l be k(5). Suppose 0 = -l*h - 12 - 6. Let y(m) = -m - 3. Calculate y(h).
0
Let c(d) = 3 + d + 1 - 2*d. Let u be -8*(5/(-4) - 0). Suppose -29 = -u*g + 21. Calculate c(g).
-1
Let z(q) = -6*q**3 + 37 + 28*q**2 + q + 9*q**3 - 4*q**3 - 2*q + 27. Calculate z(28).
36
Suppose 5*d + 5 = 20. Suppose -4*j + d*i = -j - 174, 2*j - i - 112 = 0. Let x = 63 - j. Let c(v) = v**2 - 10*v + 7. Give c(x).
-2
Let o be 0*((-20)/(-8) - (0 - -2)). Let h = -21 - -30. Suppose -4*a + 3*j = -a + h, o = -2*j. Let s(v) = 3*v + 2. What is s(a)?
-7
Let z(t) = -t**2 - 13*t + 8. Suppose -982 = -9*x + 1079. Suppose -22*w - x = 57. Calculate z(w).
8
Let h(z) = 4*z**2 - 12*z - 8. Let q(r) = 3*r**2 - 11*r - 7. Let o(y) = -4*h(y) + 5*q(y). Suppose -b - 3 = -2*x, -7*x = -3*x + 8. Calculate o(b).
-3
Let l(g) be the first derivative of -g**3/3 + 17*g**2/2 - 48*g + 1272. Give l(14).
-6
Let x(o) = -o**3 + 2*o - 2. Suppose -339 = -13*d + 1559. Let c = d - 145. Give x(c).
-1
Suppose -34*r + 60 = -24*r. Let t(l) = -r + 7*l**3 + 12*l**2 - 12*l + 8 - 8*l**3 + l. Give t(11).
2
Suppose l - j = -5, -13 = 2*l - 0*l - 5*j. Let t be 3/9 - 16*4/(-24). Let i(b) = 3 - 2*b - t*b - 10*b + 16*b. Give i(l).
-1
Let z(q) be the third derivative of -q**4/8 - 14*q**3/3 - 7*q**2 + 4*q. Determine z(-12).
8
Let p(x) = -143*x - 3. Let a(f) = -95*f - 2. Let g(k) = -3*a(k) + 2*p(k). What is g(-4)?
4
Let z(a) be the third derivative of a**6/120 + a**5/15 - a**4/6 + 2*a**3/3 + 666*a**2. Calculate z(-5).
-1
Let i = -26 + 19. Let r(a) be the second derivative of -a**3/6 - 5*a**2 - 17*a - 10. What is r(i)?
-3
Let l(k) = -64*k**2 - 138*k - 29. Let o(w) = 11*w**2 + 23*w + 6. Let r(a) = -6*l(a) - 35*o(a). Calculate r(21).
6
Let d be ((-1)/1)/(-2 - -1). Let o(w) be the second derivative of -1/6*w**3 - 57*w + 5/12*w**4 + 0*w**2 + 0. Determine o(d).
4
Let f(b) = -2*b**2 + 739*b - 53 + b**3 - 2*b**2 - 26*b**2 - 1415*b + 759*b. Calculate f(27).
1
Suppose 5*p = -101*u + 100*u - 16, 4*u = p - 22. Let k(r) = r. Calculate k(u).
-6
Let w(i) be the second derivative of i**4/24 + 19*i**3/6 + 56*i**2 + 4*i + 1. Let f(u) be the first derivative of w(u). Determine f(0).
19
Let t(b) = 61 + 59 + b + 59 - b**2 + b**3 + 3*b - 177. Determine t(2).
14
Let g be 3/(-6) + 3/(-2). Let x(y) be the third derivative of 0*y + 1/2*y**3 + 1/6*y**4 + 0*y**5 - 1/120*y**6 + 0 - 53*y**2. What is x(g)?
3
Let v(p) be the second derivative of -1/60*p**5 + 0*p**2 - 1/24*p**4 + 18*p - p**3 + 0. Let l(s) be the second derivative of v(s). Calculate l(3).
-7
Let w(o) = 270*o**2 + 268*o**2 - 67 + 249*o**2 + o**3 - 765*o**2 - 26*o. What is w(-23)?
2
Let c(r) = -9*r - 1. Suppose -2*n = 6 - 8. Let x be (-5)/(15/18)*n/(-2). Suppose x = 4*w + 7. Give c(w).
8
Let n = 32 - 22. Let g(l) = -5731*l + 2871*l - l**2 + 2871*l - 1. Calculate g(n).
9
Let l(y) = 2*y - 4. Let p be l(6). Let t(n) = -13*n**3 + 14*n**2 - 2*n - 5. Let s(q) = 19*q**3 - 17*q**2 + 2*q + 13. Let j(k) = 2*s(k) + 3*t(k). Calculate j(p).
-5
Let o(v) = -v**2 + 38*v + 315. Let a be ((-560)/(-24))/14*27 - 0. What is o(a)?
0
Let d be (-48)/64 + (-27)/12. Let f be d/(6/4) + 39 + -27. Let s(q) = -q**2 + 11*q - 8. Give s(f).
2
Let d be 237/(-632)*(-56)/3. Let k(w) = w**2 + 8*w + 7. Let x be k(-7). Let a(g) = x*g**3 + 0*g**2 + g**3 - 3 - 4*g**2 - 3*g**2. Determine a(d).
-3
Let k(q) = -88*q - 766. Let r(o) = 270*o + 2302. Let x(y) = 7*k(y) + 2*r(y). Determine x(-10).
2
Let h(c) = -c**3 - 6*c**2 + 7*c + 36. Let u be (76/(-95))/((-6)/(-45)). Calculate h(u).
-6
Let d(b) = b. Suppose -25*r + 176 = -17*r. Let w be (-423)/(-33) - r/(-121). Calculate d(w).
13
Suppose -4*k - 5 = -3*z, z + 3*k + 2 = 8*k. Let d(w) = -4*w**3 + 9*w + z*w**3 + 4*w**2 + 4 - 11*w. Suppose 3 = 3*g - 2*g. Give d(g).
7
Let n(s) be the third derivative of -s**6/120 - 17*s**5/60 - 7*s**4/6 + 13*s**3/3 - 1722*s**2. Determine n(-15).
-4
Let d(k) be the first derivative of -3*k**4/4 + 2*k**2 - 5*k - 3775. Determine d(1).
-4
Let n(j) = -29*j - 5188 + 10429 - 5096. What is n(5)?
0
Suppose 14*q = -27 - 15. Let k(a) = 2*a**2 - a + 1. Let r(s) = -5*s**2 + 11*s + 3. Let t(f) = q*k(f) - r(f). Give t(-5).
9
Let g(q) = 2*q**2 + 7*q - 39. Let a(r) = -3*r**2 - 18*r + 85. Let j(w) = 3*a(w) + 5*g(w). Give j(19).
60
Let o(h) = -h**3 + 8*h**2 - 1. Suppose 6*a + 758 = 140. Let m be (-244)/(-30) + (-7 - a/15). Determine o(m).
-1
Let q be (-16)/48*-60*13. Suppose 265*d - 65 = q*d. Let r(c) = c**3 - 13*c**2 + c - 8. Give r(d).
5
Let s(q) = q**3 + q**2 - 1. Suppose -2*o - 11*c + 22 = -7*c, -5*o - 2*c = -87. Let w = 42 - 21. Let m = o - w. What is s(m)?
-5
Let i(l) be the second derivative of 7*l**3/6 - l**2/2 - 25*l - 37. What is i(-11)?
-78
Let r(p) = 14*p + 65. Let v be r(0). Suppose -3*m = -0*m + 4*u + 13, 0 = 5*m - 2*u + v. Let j(a) = -a**3 - 12*a**2 - 10*a - 10. Determine j(m).
-21
Suppose -d + 0*d - 10 = 0. Let y(m) = -11*m**2 - 10*m + 0*m - m**3 - 59436 + 59444. Calculate y(d).
8
Let i = -159 + 158. Let b(n) = -15*n**3 - n**2 - 7*n - 6. Let d be b(i). Let c(j) = -j**2 + 15*j - 1. Give c(d).
-1
Let r be (-39*21/(-1092))/(1/(-8)). Let n(f) = f**2 - 3*f - 62. What is n(r)?
-8
Let l be (-6)/(-4)*(-36)/81*6. Let f(a) = 2*a + a + 0*a**2 + a**2. Give f(l).
4
Let k(f) = 3114 - 21*f - f**2 - 6213 + 3130. Calculate k(-22).
9
Let d(j) = -13*j**3 - 6*j**2 + 13*j - 112. Let n(m) = -12*m**3 - 7*m**2 + 15*m - 134. Let r(i) = 6*d(i) - 5*n(i). Calculate r(1).
-18
Let m(i) = -3*i**2 - 19*i + 33. Suppose -5*f - 4 = -4*a, -2*a - 424 = -4*f - 438. Determine m(f).
-7
Let k(n) be the third derivative of -n**6/120 + n**5/12 + n**4/6 + 2*n**3/3 + 3*n**2 - 84. Calculate k(6).
-8
Suppose 0 = -2*m - 8, 4*m + 68 - 56 = -u. Let y(a) = 2*a**2 - 2*a + 12. What is y(u)?
36
Let a(l) = 5*l**2 - 3*l - 3. Let z(k) = -46*k**2 + 23*k**2 + 22*k**2 + 1. Let v(q) = -a(q) - 6*z(q). Let h = 16 - 21. Give v(h).
7
Suppose b = -0*b + 3*r + 6, 0 = 2*r + 2. Suppose 42*c + 28 = -266. Let h(w) = -34*w + 3. Let o(n) = -19*n + 2. Let l(g) = c*o(g) + 4*h(g). Calculate 